{"id":278,"date":"2012-03-16T16:54:48","date_gmt":"2012-03-16T19:54:48","guid":{"rendered":"http:\/\/www.discipulosemfeira.com.br\/v1\/?page_id=278"},"modified":"2012-03-16T16:55:28","modified_gmt":"2012-03-16T19:55:28","slug":"andra-na-luz","status":"publish","type":"page","link":"https:\/\/www.discipulosemfeira.com.br\/v1\/?page_id=278","title":{"rendered":"Andar na luz"},"content":{"rendered":"<p align=\"justify\"><strong>INTRODU\u00c7\u00c3O<\/strong><\/p>\n<p align=\"justify\"><strong>O<\/strong>\u00a0Senhor tem falado muitas coisas em nossos cora\u00e7\u00f5es. Tudo isto tem nos levado a meditar diante do Senhor e a descobrir a nossa verdadeira condi\u00e7\u00e3o. Quando descobrimos a nossa real e verdadeira condi\u00e7\u00e3o temos algumas rea\u00e7\u00f5es:<br \/>\n1\u00ba Escondemos a nossa condi\u00e7\u00e3o.<br \/>\n2\u00ba Disfar\u00e7amos, tratando superficialmente.<br \/>\n3\u00ba Confessamos, colocamos na luz<\/p>\n<p align=\"justify\"><strong>I. ESCONDENDO O PECADO<\/strong><\/p>\n<p align=\"justify\">Esta \u00e9 a primeira rea\u00e7\u00e3o que todo homem tem diante do erro, do pecado. Ela acontece instintivamente. Foi o que fez:<br \/>\na) Ad\u00e3o \u2014 \u201ctive medo e me escondi\u201d<br \/>\nb) Caim \u2014 Gn 4.8-10 (escondeu)<br \/>\nc) Ac\u00e3 \u2014 Js 7.1,10-11<br \/>\nd) Davi \u2014 2Sm 11,12<br \/>\ne) Ananias e Safira \u2014 esconderam<\/p>\n<p align=\"justify\"><strong>II. ESCONDEMOS DE QUEM?<\/strong><\/p>\n<p align=\"justify\">A pergunta que surge \u00e9 \u201cescondemos de quem? de Deus?\u201d<br \/>\nExemplos:<\/p>\n<p align=\"justify\"><strong><em>Com Ad\u00e3o<\/em><\/strong><br \/>\na) Deus perguntou \u2014 Onde voc\u00ea est\u00e1? (Deus n\u00e3o estava vendo?)<br \/>\nb) Deus perguntou \u2014 Quem te fez saber? (Deus n\u00e3o assistiu?)<br \/>\nc) Deus perguntou \u2014 Comeste da fruta? (Deus n\u00e3o sabia?)<\/p>\n<p align=\"justify\"><strong><em>Com Caim<\/em><\/strong><br \/>\na) Deus perguntou \u2014 Onde est\u00e1 Abel teu irm\u00e3o? (Deus n\u00e3o sabia?)<br \/>\nb) Deus perguntou \u2014 Que fizeste? (Deus n\u00e3o viu?)<\/p>\n<p align=\"justify\"><strong><em>Com Ac\u00e3<\/em><\/strong><em>\u00a0<\/em>\u2014 Js 7.11<br \/>\na) Deus disse \u2014 Israel pecou\u2026at\u00e9 debaixo da bagagem. (Deus n\u00e3o sabia onde estava?)<br \/>\nb) Deus disse\u2014 H\u00e1 coisas condenadas no meio de ti. (Deus n\u00e3o sabia quem era?)<\/p>\n<p align=\"justify\"><strong><em>Com Davi<\/em><\/strong><br \/>\na) Deus manda Nat\u00e3 perguntar sobre ovelhas. (Deus n\u00e3o sabia o que Davi tinha feito?) (Quem mostrou para Nat\u00e3?)<\/p>\n<p align=\"justify\"><strong><em>Com Ananias e Safira<\/em><\/strong><br \/>\na) Deus manda Pedro perguntar o pre\u00e7o do campo. (Deus n\u00e3o sabia o valor?)\u00c9 claro que Deus sabia sobre todos e sobre tudo, mas o Senhor estava aqui introduzindo um princ\u00edpio de cura para o homem \u2014 a confiss\u00e3o, o andar na luz, a transpar\u00eancia.<br \/>\nDeus sempre nos d\u00e1 a oportunidade para confessarmos, antes de nos descobrir.<br \/>\nA pergunta foi: De Quem Escondemos?<br \/>\nA resposta \u00e9: Dos Homens, Dos Nossos Semelhantes.<\/p>\n<p align=\"justify\"><strong>III. QUAIS AS CONSEQ\u00dc\u00caNCIAS QUANDO ESCONDEMOS?<\/strong><\/p>\n<p align=\"justify\"><strong><em>a)<\/em><\/strong><em>\u00a0Sentimento de culpa<\/em><br \/>\nA isto chamamos de m\u00e1 consci\u00eancia. Os que insistem nisso, tornam-se hip\u00f3critas e terminam naufragando na f\u00e9. 1Tm 1.5,19; 3.9; Pv 28.13<br \/>\nO pecado escondido pode trazer dano a:<br \/>\n1. Uma pessoa\u2014 Davi;<br \/>\n2. Uma fam\u00edlia\u2014 Ananias e Safira;<br \/>\n3. Uma na\u00e7\u00e3o\u2014 Ac\u00e3;<br \/>\n4. Uma ra\u00e7a\u2014 Ad\u00e3o.<\/p>\n<p align=\"justify\"><em><strong>b)<\/strong><\/em><em>\u00a0Doen\u00e7as f\u00edsicas<\/em><br \/>\nSl 31.3; Pv 3.5-8.<\/p>\n<p align=\"justify\"><strong>IV. QUAL O VERDADEIRO MOTIVO PARA ESCONDEMOS O PECADO?<\/strong><\/p>\n<p align=\"justify\">J\u00f3 31.33-34<br \/>\nDesde Ad\u00e3o at\u00e9 hoje a preserva\u00e7\u00e3o da imagem \u00e9 o verdadeiro motivo para ocultar as nossas falhas e pecados.<\/p>\n<p align=\"justify\"><strong><em>Tratamos Superficialmente<\/em><\/strong><br \/>\nMuitos que est\u00e3o aqui tem ouvido esta palavra sobre o cavar, abrir profunda vala, e tem tratado este assunto com superficialidade. Agindo exatamente como fez o homem que edificou a sua casa sobre a areia. Ou seja, como o homem da passagem, n\u00e3o quer ter o trabalho de cavar, de abrir profunda vala. Quem sabe at\u00e9 est\u00e1 disposto a cavar, mas n\u00e3o ir\u00e1 at\u00e9 o fundo.<br \/>\nAqui est\u00e3o enquadrados os que est\u00e3o dispostos a colocar algumas coisas na luz e manter outras escondidas.<\/p>\n<p align=\"justify\"><strong>Algumas atitudes de superficialidade:<\/strong><\/p>\n<p align=\"justify\"><em><strong>(a)\u00a0<\/strong><\/em><em>Algumas Vezes Transferimos Nossas Culpas<\/em><br \/>\nIsto \u00e9 muito antigo \u2014 Ad\u00e3o, Eva, a serpente. Sempre estamos buscando algu\u00e9m ou alguma coisa para lan\u00e7armos a nossa culpa (2Co 5.10; Hb 4.13).<\/p>\n<p><em><strong>(b)<\/strong><\/em><em>\u00a0Outras Vezes Justificamos O Pecado<\/em><br \/>\nDamos grandes explica\u00e7\u00f5es sobre as circunst\u00e2ncias, os fatores que influenciaram.<br \/>\nque estamos querendo? Dizer que o pecado foi quase inevit\u00e1vel? (1Co 10.12-13; Hb 2.14-18;4.13-16)<\/p>\n<p><em><strong>(c)<\/strong><\/em><em>\u00a0Racionalizamos O Pecado<\/em><br \/>\nFreud, o pai da psican\u00e1lise, sustentou que o sentimento de culpa \u00e9 condicionado pela religi\u00e3o, se eliminarmos a religi\u00e3o solucionamos a culpa.<br \/>\nHoje em dia, muitos tem eliminado a religi\u00e3o, mas os seus conflitos e perturba\u00e7\u00f5es tem aumentado.<\/p>\n<p><em><strong>(d)<\/strong><\/em><em>\u00a0Outras Vezes Usamos Escapismos<\/em><br \/>\nMuitos buscam distra\u00e7\u00e3o, encherem-se de atividades, programas, entretenimento para escaparem de sua conflitiva realidade interior;<\/p>\n<p><strong>(<\/strong><em><strong>e)<\/strong><\/em><em>\u00a0E, Ainda Outras Vezes, Atacamos Os Efeitos Do Pecado Com Rem\u00e9dios<\/em><em><br \/>\n<em>Atrav\u00e9s de tranq\u00fcilizantes.<\/em><\/em>Amados, a cura est\u00e1 em confessar, andar na luz; o Esp\u00edrito Santo est\u00e1 nos dando a grande chance de ajustarmos toda a nossa vida at\u00e9 aqui. As trevas s\u00e3o o reino de Satan\u00e1s, n\u00e3o tenhamos nada dele em n\u00f3s.<\/p>\n<p align=\"justify\"><strong>V. CONFESSANDO OS NOSSOS PECADOS<\/strong><\/p>\n<p align=\"justify\">1Jo 1.5-9; Ef 5.8-14; Jo 3.19-21<br \/>\nOs textos falam sobre confessar, revelar o que est\u00e1 oculto, escondido nas sombras, ou seja, manifestar.<\/p>\n<p align=\"justify\"><em><strong>(a)<\/strong><\/em><em>\u00a0O que \u00e9 Confessar<\/em><br \/>\nAndar na Luz \u00e9 tornar-se manifesto, tornar-se conhecido, mostrar-se como \u00e9. Andar na luz \u00e9 confessar, dizer a verdade, assumir a responsabilidade dos seus atos.<br \/>\nConfessar \u00e9 dizer com convic\u00e7\u00e3o e arrependimento. \u201cEu pequei\u2026\u201d,\u201ctenho pecado\u201d. Confessar \u00e9 diferente de contar, pois a confiss\u00e3o sempre vem acompanhada com arrependimento.<\/p>\n<p align=\"justify\"><strong><em>(b)\u00a0<\/em><\/strong><em>A Quem Confessar?<\/em><br \/>\nA Deus ? Mas, como vou confessar a quem j\u00e1 sabe?<br \/>\nA palavra diz em Tg 5:16 que a confiss\u00e3o deve ser feita UNS AOS OUTROS !!<br \/>\nAlguns confessam, mas tem medo de serem expostos \u2013 quer preservar o que? tem medo de perder o que? O que ocorreu com Davi a 3.000 anos atr\u00e1s? N\u00f3s n\u00e3o sabemos como Davi era fisicamente, mas sabemos que pecou, com quem pecou. Porqu\u00ea? Porque o pr\u00f3prio Deus o exp\u00f4s para todo o sempre.<\/p>\n<p align=\"justify\"><strong><em>(c)<\/em><\/strong><em>\u00a0S\u00f3 H\u00e1 Perd\u00e3o Para Pecado Confessado<\/em><br \/>\nO sangue de Jesus s\u00f3 purifica o que est\u00e1 na luz. Somente a confiss\u00e3o com o arrependimento pode produzir cura e perd\u00e3o.<br \/>\nQuando ocultamos nossos pecados, buscamos justi\u00e7a pr\u00f3pria. Existe at\u00e9 quem fa\u00e7a penit\u00eancia; jejum, ora\u00e7\u00e3o, vig\u00edlia e etc\u2026 Deus rejeita (Is 64.6; 43.24-26)<br \/>\nS\u00f3 n\u00e3o existe perd\u00e3o para o que n\u00e3o \u00e9 confessado, posto na luz.<br \/>\nNossa justi\u00e7a \u00e9 Cristo. Temamos ter algo escondido, mas n\u00e3o temamos colocar na luz.<br \/>\nA confiss\u00e3o \u00e9 a cura que Deus estabeleceu para nossos conflitos<\/p>\n<pre>Fonte:\u00a0<a href=\"http:\/\/www.discipulado.com.br\/\" target=\"_blank\">http:\/\/www.discipulado.com.br<\/a><\/pre>\n<div id=\"fb_share_1\" style=\"float: right; margin-left: 10px;\"><a name=\"fb_share\" type=\"box_count\" share_url=\"https:\/\/www.discipulosemfeira.com.br\/v1\/?page_id=278\" href=\"http:\/\/www.facebook.com\/sharer.php\">Share<\/a><\/div><div><script src=\"http:\/\/static.ak.fbcdn.net\/connect.php\/js\/FB.Share\" type=\"text\/javascript\"><\/script><\/div>","protected":false},"excerpt":{"rendered":"<p>INTRODU\u00c7\u00c3O O\u00a0Senhor tem falado muitas coisas em nossos cora\u00e7\u00f5es. Tudo isto tem nos levado a meditar diante do Senhor e a descobrir a nossa verdadeira condi\u00e7\u00e3o. Quando descobrimos a nossa real e verdadeira condi\u00e7\u00e3o temos algumas rea\u00e7\u00f5es: 1\u00ba Escondemos a nossa condi\u00e7\u00e3o. 2\u00ba Disfar\u00e7amos, tratando superficialmente. 3\u00ba Confessamos, colocamos na luz I. ESCONDENDO O PECADO &hellip; <\/p>\n<p><a class=\"more-link btn\" href=\"https:\/\/www.discipulosemfeira.com.br\/v1\/?page_id=278\">Continue lendo<\/a><\/p>\n","protected":false},"author":1,"featured_media":0,"parent":267,"menu_order":0,"comment_status":"closed","ping_status":"open","template":"","meta":{"footnotes":""},"_links":{"self":[{"href":"https:\/\/www.discipulosemfeira.com.br\/v1\/index.php?rest_route=\/wp\/v2\/pages\/278"}],"collection":[{"href":"https:\/\/www.discipulosemfeira.com.br\/v1\/index.php?rest_route=\/wp\/v2\/pages"}],"about":[{"href":"https:\/\/www.discipulosemfeira.com.br\/v1\/index.php?rest_route=\/wp\/v2\/types\/page"}],"author":[{"embeddable":true,"href":"https:\/\/www.discipulosemfeira.com.br\/v1\/index.php?rest_route=\/wp\/v2\/users\/1"}],"replies":[{"embeddable":true,"href":"https:\/\/www.discipulosemfeira.com.br\/v1\/index.php?rest_route=%2Fwp%2Fv2%2Fcomments&post=278"}],"version-history":[{"count":3,"href":"https:\/\/www.discipulosemfeira.com.br\/v1\/index.php?rest_route=\/wp\/v2\/pages\/278\/revisions"}],"predecessor-version":[{"id":281,"href":"https:\/\/www.discipulosemfeira.com.br\/v1\/index.php?rest_route=\/wp\/v2\/pages\/278\/revisions\/281"}],"up":[{"embeddable":true,"href":"https:\/\/www.discipulosemfeira.com.br\/v1\/index.php?rest_route=\/wp\/v2\/pages\/267"}],"wp:attachment":[{"href":"https:\/\/www.discipulosemfeira.com.br\/v1\/index.php?rest_route=%2Fwp%2Fv2%2Fmedia&parent=278"}],"curies":[{"name":"wp","href":"https:\/\/api.w.org\/{rel}","templated":true}]}}