{"id":317,"date":"2012-03-16T17:45:32","date_gmt":"2012-03-16T20:45:32","guid":{"rendered":"http:\/\/www.discipulosemfeira.com.br\/v1\/?page_id=317"},"modified":"2012-11-23T17:54:27","modified_gmt":"2012-11-23T20:54:27","slug":"a-falsidade-e-a-mentira","status":"publish","type":"page","link":"https:\/\/www.discipulosemfeira.com.br\/v1\/?page_id=317","title":{"rendered":"A falsidade e a mentira"},"content":{"rendered":"<div align=\"justify\">\u00a0A mentira \u00e9 outro dos pecados mais generalizados de nossa sociedade, a tal ponto que a consci\u00eancia de muitos crist\u00e3os se tornou insens\u00edvel e debilitada com respeito a este pecado. H\u00e1 muitos que cr\u00eaem que n\u00e3o se pode viver sem mentir. Mentira \u00e9 covardia para n\u00e3o enfrentar a realidade. O homem se justifica ao mentir; Consideram que as mentiras s\u00e3o \u201cpiedosas\u201d ou \u201cpor necessidade\u201d ou para \u201cevitar problemas maiores\u201d. S\u00e3o justifica\u00e7\u00f5es ilus\u00f3rias e sem fundamentos, pois a falsidade e a mentira s\u00e3o imorais e contr\u00e1rias \u00e0 conduta que Deus requer dos homens.<\/div>\n<p><strong>I)\u00a0\u00a0\u00a0\u00a0\u00a0\u00a0\u00a0\u00a0\u00a0\u00a0\u00a0\u00a0\u00a0\u00a0\u00a0\u00a0\u00a0\u00a0\u00a0<\/strong><strong>O QUE \u00c9 A MENTIRA?<\/strong><\/p>\n<p><strong>\u00a0<\/strong>\u00a0\u00a0\u00a0\u00a0\u00a0\u00a0\u00a0\u00a0\u00a0\u00a0\u00a0\u00a0\u00a0\u00a0\u00a0Mentira: Manifesta\u00e7\u00e3o contr\u00e1ria \u00e0 verdade, cuja ess\u00eancia \u00e9 o engano e cuja gravidade se mede segundo o ego\u00edsmo ou a maldade que pratica. Est\u00e1 proibida (Ex 20.16) e um dos efeitos da convers\u00e3o ao cristianismo \u00e9 deixar de mentir (Ef 4.25).<\/p>\n<p>A mentira direta como a de Ananias e Safira (At 5.4), n\u00e3o \u00e9 a \u00fanica forma de mentir. Em ocasi\u00f5es se trata de uma meia verdade, como quando Abra\u00e3o disse de sua esposa a Abimeleque: \u201cSara \u00e9 minha irm\u00e3\u201d (Gn 20.2-12). O prop\u00f3sito sempre \u00e9 enganar. Pode ser tamb\u00e9m uma resposta evasiva, como a que Caim deu a Deus (Gn 4.9), um sil\u00eancio como o de Judas quando o Senhor acusou indiretamente na \u00faltima ceia (Jo 13.21-30), ou ainda temos uma vida enganosa (I Jo 1.6). O destino dos mentirosos \u00e9 o lago do fogo (Ap 21.8).<\/p>\n<p>Hip\u00f3critas: O que pretende ou finge ser o que n\u00e3o \u00e9. E uma transcri\u00e7\u00e3o do voc\u00e1bulo grego HIPOCRITEIS, que significa ator no teatro grego. Os atores colocavam diferentes m\u00e1scaras conforme o papel que desempenhavam. Da forma que, \u201chip\u00f3crita\u201d designava a pessoa que ocultava a realidade atr\u00e1s de uma m\u00e1scara de apar\u00eancias.<\/p>\n<p>&nbsp;<\/p>\n<h2 align=\"left\">II)\u00a0\u00a0\u00a0\u00a0\u00a0\u00a0\u00a0\u00a0\u00a0\u00a0\u00a0\u00a0\u00a0\u00a0\u00a0\u00a0DEUS PRO\u00cdBE E CONDENA A MENTIRA E A FALSIDADE<\/h2>\n<p><strong><\/strong>a)\u00a0\u00a0\u00a0\u00a0\u00a0\u00a0N\u00e3o devemos enganar, mentir, nem jurar falsamente (Mt 5.33-37)<\/p>\n<p>b)\u00a0\u00a0\u00a0\u00a0\u00a0\u00a0Deus destru\u00edra o mentiroso (Sl 5.6)<\/p>\n<p>c)\u00a0\u00a0\u00a0\u00a0\u00a0\u00a0\u00a0Deus aborrece a mentira (Pv 6.16-19; 12.22)<\/p>\n<p>d)\u00a0\u00a0\u00a0\u00a0\u00a0\u00a0Pesos e medidas falsas s\u00e3o abomina\u00e7\u00e3o ao Senhor (Pv 20.10)<\/p>\n<p>e)\u00a0\u00a0\u00a0\u00a0\u00a0\u00a0A mentira corrompe o homem (Mt 5.18-20; Mc 7.21-23)<\/p>\n<p>f)\u00a0\u00a0\u00a0\u00a0\u00a0\u00a0\u00a0\u00a0Manifestam uma rela\u00e7\u00e3o filial entre o homem e satan\u00e1s (Jo 8.43-47)<\/p>\n<p>g)\u00a0\u00a0\u00a0\u00a0\u00a0\u00a0O engano \u00e9 parte integral da profunda degrada\u00e7\u00e3o do homem (Sl 58.3; Ro 1.28-32;\u00a0\u00a0Pv 27.24-28; Jr 9.3-6)<\/p>\n<p>h)\u00a0\u00a0\u00a0\u00a0\u00a0\u00a0Devemos rejeitar a mentira (Ef 4.22-25; Cl 3.9; I Pe 2.1)<\/p>\n<p>i)\u00a0\u00a0\u00a0\u00a0\u00a0\u00a0\u00a0\u00a0O engano faz a vida infeliz, mas Deus promete b\u00ean\u00e7\u00e3os e dias felizes aos verdadeiros (I Pe 3.10)<\/p>\n<p>j)\u00a0\u00a0\u00a0\u00a0\u00a0\u00a0\u00a0\u00a0Deus condena a hipocrisia ( Mt 6.2; 16-18; 15.6-8; 22.18; Ro 12.9)<\/p>\n<p>k)\u00a0\u00a0\u00a0\u00a0\u00a0\u00a0Os mentirosos n\u00e3o entrar\u00e3o no c\u00e9u e sim ir\u00e3o ao inferno (Ap 21.7,8,27)<\/p>\n<p>&nbsp;<\/p>\n<h2 align=\"left\">III)\u00a0\u00a0\u00a0\u00a0\u00a0\u00a0\u00a0\u00a0\u00a0\u00a0\u00a0\u00a0\u00a0CRISTO \u00c9 O NOSSO EXEMPLO DE VERACIDADE<\/h2>\n<p>a)\u00a0\u00a0\u00a0\u00a0\u00a0\u00a0N\u00e3o houve dolo (engano) em sua boca (I Pe 2.21-22)<\/p>\n<p>b)\u00a0\u00a0\u00a0\u00a0\u00a0\u00a0Veio ao mundo para dar testemunho da verdade (Jo 18.37)<\/p>\n<p>c)\u00a0\u00a0\u00a0\u00a0\u00a0\u00a0\u00a0\u00c9 chamado de \u201cO verdadeiro\u201d ( I Jo 5.20)<\/p>\n<p>d)\u00a0\u00a0\u00a0\u00a0\u00a0\u00a0Cristo, o senhor, nos ordena a sermos absolutamente verdadeiros; Vosso sim seja sim e vosso n\u00e3o seja n\u00e3o (Mt 5.37). Est\u00e1 preparando para si uma igreja sem m\u00e1cula (sem mancha) e nem ruga (Ef 5.27), e como disc\u00edpulos seus e parte do seu corpo, devemos ser ABSOLUTAMENTE verdadeiros, francos, sinceros, honestos, honrados, ainda que tenhamos que sofrer por fazer sua\u00a0\u00a0vontade (I Pe 3.17; 4.15-19; Pv 19.22). O povo de Deus aborrece a mentira (Sl 119.29; Pv 30.8) e rejeita os que a praticam (Sl 40.4; 101.7; 144.11; Ef 5.11).<\/p>\n<h2 align=\"left\">IV)\u00a0\u00a0\u00a0\u00a0\u00a0\u00a0\u00a0\u00a0\u00a0\u00a0\u00a0\u00a0\u00a0\u00a0\u00a0O DANO QUE A MENTIRA E O ENGANO PRODUZEM<\/h2>\n<p>A mentira cauteriza a consci\u00eancia do mentiroso, torna-o insens\u00edvel ao poder da verdade, a verdade n\u00e3o penetra nele para transform\u00e1-lo. A mentira torna-se um v\u00edcio com muita facilidade, j\u00e1 que uma mentira conduz a outra.<\/p>\n<p>A falsidade e o engano s\u00e3o muitos danosos para o relacionamento entre os disc\u00edpulos de Cristo. Fomenta a desconfian\u00e7a, o receio, a incredulidade e a suspeita. Destr\u00f3i o ambiente de f\u00e9, de amor, de compreens\u00e3o, estimula o mexerico. O Senhor nos ordena a rejeitar todas as formas de mentira: Falso testemunho, engano, hipocrisia, fingimento, exagero, cal\u00fania, desonestidade, n\u00e3o cumprimento injustificado, fraude, falsifica\u00e7\u00e3o; Em todas as \u00e1reas de nossa vida: Lar, trabalho, com\u00e9rcio, igreja, autoridades, escolas, amizades e etc.<\/p>\n<p>A sociedade assentada sobre a mentira e o engano, est\u00e1 destinada a desmoronar-se. \u00c9 necess\u00e1rio edificar uma estrutura moral de veracidade em todas as ordens e escalas da vida civil: nos governantes e nos governados, nos pais e nos filhos, nos patr\u00f5es e nos empregados, nos professores e nos alunos, nos comerciantes, nos profissionais e nos clientes.<\/p>\n<p>&nbsp;<\/p>\n<h2 align=\"left\">V)\u00a0\u00a0\u00a0\u00a0\u00a0\u00a0\u00a0\u00a0\u00a0\u00a0\u00a0\u00a0\u00a0\u00a0\u00a0\u00a0\u00a0\u00a0COMO CORRIGIR-SE E LIVRAR-SE<\/h2>\n<p><strong>ARREPENDER-SE<\/strong>: Mudar a atitude, a mentalidade com respeito a mentira e a falsidade.<\/p>\n<p>Rejeitar a mentira, bani-la da vida. Determinar-se a obedecer a Deus em tudo e viver sempre a verdade. Disciplinar-se at\u00e9 cultivar uma atitude baseada na veracidade.<\/p>\n<p><strong>CONFESSAR O PECADO<\/strong>: (Pv 28,13-14; I Jo 1.9; 2.1) Toda mentira \u00e9 pecado que deve ser devidamente confessado, falando a verdade a Deus e a pessoa enganada. Quando a mentira constitui um v\u00edcio arraigado na maneira de viver, deve ser confessado a um irm\u00e3o maduro e respons\u00e1vel, buscando uma ampla reorienta\u00e7\u00e3o (Ver Tg 5.16)<\/p>\n<p><strong>EXORTA\u00c7\u00c3O<\/strong>: (Tg 5.19-20; Gl 6.1-2; Ef 4.25) Como este pecado afeta as rela\u00e7\u00f5es entre irm\u00e3os, somos respons\u00e1veis uns pelos outros para corrigir, admoestar, ensinar e etc.<\/p>\n<pre>Fonte:\u00a0<a href=\"http:\/\/www.discipulado.com.br\/\">http:\/\/www.discipulado.com.br<\/a><\/pre>\n<div id=\"fb_share_1\" style=\"float: right; margin-left: 10px;\"><a name=\"fb_share\" type=\"box_count\" share_url=\"https:\/\/www.discipulosemfeira.com.br\/v1\/?page_id=317\" href=\"http:\/\/www.facebook.com\/sharer.php\">Share<\/a><\/div><div><script src=\"http:\/\/static.ak.fbcdn.net\/connect.php\/js\/FB.Share\" type=\"text\/javascript\"><\/script><\/div>","protected":false},"excerpt":{"rendered":"<p>\u00a0A mentira \u00e9 outro dos pecados mais generalizados de nossa sociedade, a tal ponto que a consci\u00eancia de muitos crist\u00e3os se tornou insens\u00edvel e debilitada com respeito a este pecado. H\u00e1 muitos que cr\u00eaem que n\u00e3o se pode viver sem mentir. Mentira \u00e9 covardia para n\u00e3o enfrentar a realidade. O homem se justifica ao mentir; &hellip; <\/p>\n<p><a class=\"more-link btn\" href=\"https:\/\/www.discipulosemfeira.com.br\/v1\/?page_id=317\">Continue lendo<\/a><\/p>\n","protected":false},"author":1,"featured_media":0,"parent":267,"menu_order":0,"comment_status":"open","ping_status":"open","template":"","meta":{"footnotes":""},"_links":{"self":[{"href":"https:\/\/www.discipulosemfeira.com.br\/v1\/index.php?rest_route=\/wp\/v2\/pages\/317"}],"collection":[{"href":"https:\/\/www.discipulosemfeira.com.br\/v1\/index.php?rest_route=\/wp\/v2\/pages"}],"about":[{"href":"https:\/\/www.discipulosemfeira.com.br\/v1\/index.php?rest_route=\/wp\/v2\/types\/page"}],"author":[{"embeddable":true,"href":"https:\/\/www.discipulosemfeira.com.br\/v1\/index.php?rest_route=\/wp\/v2\/users\/1"}],"replies":[{"embeddable":true,"href":"https:\/\/www.discipulosemfeira.com.br\/v1\/index.php?rest_route=%2Fwp%2Fv2%2Fcomments&post=317"}],"version-history":[{"count":3,"href":"https:\/\/www.discipulosemfeira.com.br\/v1\/index.php?rest_route=\/wp\/v2\/pages\/317\/revisions"}],"predecessor-version":[{"id":319,"href":"https:\/\/www.discipulosemfeira.com.br\/v1\/index.php?rest_route=\/wp\/v2\/pages\/317\/revisions\/319"}],"up":[{"embeddable":true,"href":"https:\/\/www.discipulosemfeira.com.br\/v1\/index.php?rest_route=\/wp\/v2\/pages\/267"}],"wp:attachment":[{"href":"https:\/\/www.discipulosemfeira.com.br\/v1\/index.php?rest_route=%2Fwp%2Fv2%2Fmedia&parent=317"}],"curies":[{"name":"wp","href":"https:\/\/api.w.org\/{rel}","templated":true}]}}