{"id":63,"date":"2012-03-12T08:56:05","date_gmt":"2012-03-12T11:56:05","guid":{"rendered":"http:\/\/www.discipulosemfeira.com.br\/v1\/?page_id=63"},"modified":"2012-03-16T21:30:41","modified_gmt":"2012-03-17T00:30:41","slug":"apostilas","status":"publish","type":"page","link":"https:\/\/www.discipulosemfeira.com.br\/v1\/?page_id=63","title":{"rendered":"Apostilas"},"content":{"rendered":"<p>Quando olhamos para uma casa n\u00e3o notamos o seu alicerce, mas ele \u00e9 a base para toda a\u00a0edifica\u00e7\u00e3o. O fundamento \u00e9 necess\u00e1rio, n\u00e3o podemos edificar uma casa sem alicerce.<\/p>\n<p>Temos como objetivo trazer a cada disc\u00edpulo um conhecimento claro e objetivo acerca das verdades fundamentais do Reino de Deus. Estas verdades v\u00e3o formar em nossas vidas algo s\u00f3lido sobre o qual tudo mais est\u00e1 edificado.<\/p>\n<p>&nbsp;<\/p>\n<h5><img loading=\"lazy\" decoding=\"async\" class=\"alignleft\" style=\"margin-top: -10px; margin-bottom: -10px;\" src=\"http:\/\/discipulosemfeira.com.br\/v1\/apostilas\/box_download_48.png\" alt=\"\" width=\"29\" height=\"29\" \/><\/h5>\n<h5>[download id=&#8221;10&#8243;]<\/h5>\n<h5><img loading=\"lazy\" decoding=\"async\" class=\"alignleft\" style=\"margin-top: -10px; margin-bottom: -10px;\" src=\"http:\/\/discipulosemfeira.com.br\/v1\/apostilas\/box_download_48.png\" alt=\"\" width=\"29\" height=\"29\" \/><\/h5>\n<h5>[download id=&#8221;1&#8243;]<\/h5>\n<h5><img loading=\"lazy\" decoding=\"async\" class=\"alignleft\" style=\"margin-top: -10px; margin-bottom: -10px;\" src=\"https:\/\/www.discipulosemfeira.com.br\/v1\/apostilas\/box_download_48.png\" alt=\"\" width=\"29\" height=\"29\" \/>[download id=&#8221;2&#8243;]<\/h5>\n<h5><img loading=\"lazy\" decoding=\"async\" class=\"alignleft\" style=\"margin-top: -10px; margin-bottom: -10px;\" src=\"https:\/\/www.discipulosemfeira.com.br\/v1\/apostilas\/box_download_48.png\" alt=\"\" width=\"29\" height=\"29\" \/>[download id=&#8221;3&#8243;]<\/h5>\n<h5><img loading=\"lazy\" decoding=\"async\" class=\"alignleft\" style=\"margin-top: -10px; margin-bottom: -10px;\" src=\"https:\/\/www.discipulosemfeira.com.br\/v1\/apostilas\/box_download_48.png\" alt=\"\" width=\"29\" height=\"29\" \/>[download id=&#8221;4&#8243;]<\/h5>\n<h5><img loading=\"lazy\" decoding=\"async\" class=\"alignleft\" style=\"margin-top: -10px; margin-bottom: -10px;\" src=\"https:\/\/www.discipulosemfeira.com.br\/v1\/apostilas\/box_download_48.png\" alt=\"\" width=\"29\" height=\"29\" \/>[download id=&#8221;5&#8243;]<\/h5>\n<h5><img loading=\"lazy\" decoding=\"async\" class=\"alignleft\" style=\"margin-top: -10px; margin-bottom: -10px;\" src=\"https:\/\/www.discipulosemfeira.com.br\/v1\/apostilas\/box_download_48.png\" alt=\"\" width=\"29\" height=\"29\" \/>[download id=&#8221;6&#8243;]<\/h5>\n<h5><img loading=\"lazy\" decoding=\"async\" class=\"alignleft\" style=\"margin-top: -10px; margin-bottom: -10px;\" src=\"https:\/\/www.discipulosemfeira.com.br\/v1\/apostilas\/box_download_48.png\" alt=\"\" width=\"29\" height=\"29\" \/>[download id=&#8221;7&#8243;]<\/h5>\n<p>&nbsp;<\/p>\n<div id=\"fb_share_1\" style=\"float: right; margin-left: 10px;\"><a name=\"fb_share\" type=\"box_count\" share_url=\"https:\/\/www.discipulosemfeira.com.br\/v1\/?page_id=63\" href=\"http:\/\/www.facebook.com\/sharer.php\">Share<\/a><\/div><div><script src=\"http:\/\/static.ak.fbcdn.net\/connect.php\/js\/FB.Share\" type=\"text\/javascript\"><\/script><\/div>","protected":false},"excerpt":{"rendered":"<p>Quando olhamos para uma casa n\u00e3o notamos o seu alicerce, mas ele \u00e9 a base para toda a\u00a0edifica\u00e7\u00e3o. O fundamento \u00e9 necess\u00e1rio, n\u00e3o podemos edificar uma casa sem alicerce. Temos como objetivo trazer a cada disc\u00edpulo um conhecimento claro e objetivo acerca das verdades fundamentais do Reino de Deus. Estas verdades v\u00e3o formar em nossas &hellip; <\/p>\n<p><a class=\"more-link btn\" href=\"https:\/\/www.discipulosemfeira.com.br\/v1\/?page_id=63\">Continue lendo<\/a><\/p>\n","protected":false},"author":1,"featured_media":0,"parent":55,"menu_order":0,"comment_status":"closed","ping_status":"open","template":"","meta":{"footnotes":""},"_links":{"self":[{"href":"https:\/\/www.discipulosemfeira.com.br\/v1\/index.php?rest_route=\/wp\/v2\/pages\/63"}],"collection":[{"href":"https:\/\/www.discipulosemfeira.com.br\/v1\/index.php?rest_route=\/wp\/v2\/pages"}],"about":[{"href":"https:\/\/www.discipulosemfeira.com.br\/v1\/index.php?rest_route=\/wp\/v2\/types\/page"}],"author":[{"embeddable":true,"href":"https:\/\/www.discipulosemfeira.com.br\/v1\/index.php?rest_route=\/wp\/v2\/users\/1"}],"replies":[{"embeddable":true,"href":"https:\/\/www.discipulosemfeira.com.br\/v1\/index.php?rest_route=%2Fwp%2Fv2%2Fcomments&post=63"}],"version-history":[{"count":23,"href":"https:\/\/www.discipulosemfeira.com.br\/v1\/index.php?rest_route=\/wp\/v2\/pages\/63\/revisions"}],"predecessor-version":[{"id":243,"href":"https:\/\/www.discipulosemfeira.com.br\/v1\/index.php?rest_route=\/wp\/v2\/pages\/63\/revisions\/243"}],"up":[{"embeddable":true,"href":"https:\/\/www.discipulosemfeira.com.br\/v1\/index.php?rest_route=\/wp\/v2\/pages\/55"}],"wp:attachment":[{"href":"https:\/\/www.discipulosemfeira.com.br\/v1\/index.php?rest_route=%2Fwp%2Fv2%2Fmedia&parent=63"}],"curies":[{"name":"wp","href":"https:\/\/api.w.org\/{rel}","templated":true}]}}