{"id":75,"date":"2012-03-12T12:37:23","date_gmt":"2012-03-12T15:37:23","guid":{"rendered":"http:\/\/www.discipulosemfeira.com.br\/v1\/?page_id=75"},"modified":"2012-03-14T14:43:58","modified_gmt":"2012-03-14T17:43:58","slug":"contemplacao-no-retiro","status":"publish","type":"page","link":"https:\/\/www.discipulosemfeira.com.br\/v1\/?page_id=75","title":{"rendered":"Contempla\u00e7\u00e3o no retiro"},"content":{"rendered":"<p align=\"center\"><em><a href=\"https:\/\/www.discipulosemfeira.com.br\/v1\/wp-content\/uploads\/2012\/03\/sheep_group.jpg\"><img loading=\"lazy\" decoding=\"async\" class=\"alignleft size-thumbnail wp-image-175\" title=\"sheep_group\" src=\"https:\/\/www.discipulosemfeira.com.br\/v1\/wp-content\/uploads\/2012\/03\/sheep_group-150x150.jpg\" alt=\"\" width=\"150\" height=\"150\" \/><\/a>Gracinha leu Jo\u00e3o 10. 1-16 e n\u00e3o conseguiu terminar, pois chorava. Eu prossegui. Ap\u00f3s o t\u00e9rmino Deus trouxe a minha imagina\u00e7\u00e3o um Pastor. Ele abria a porta de um aprisco (ou ser\u00e1 que Ele era a porta do aprisco),\u00a0 as ovelhas sa\u00edam para segu\u00ed-lo numa caminhada. De todas as ovelhas, por\u00e9m, eu olhava com maior interesse e nitidez para tr\u00eas delas,\u00a0 eis o que eu observei: A primeira ovelha quando saiu da porta passou a frente das demais e saiu correndo euf\u00f3rica, saltitante, bem \u00e0 frente do Pastor; A segunda colocou-se ao lado do Pastor, se bem que um pouco atr\u00e1s e seguia os passos Dele como se seguisse em movimento cronometrado, passo a passo, tranq\u00fcilamente e satisfeita. A terceira estava bem atr\u00e1s n\u00e3o s\u00f3 do Pastor como de todo o rebanho, mostrava-se lenta, cansada. Parecia sem condi\u00e7\u00f5es para aquela caminhada.<\/em><\/p>\n<p><em>Passei a observar o tratamento que o Pastor deu a cada uma delas e como estava seu semblante. O que Ele transmitia quando cuidava de cada uma.<\/em><\/p>\n<p><em>A primeira, que era a saltitante\u00a0 e aparentava distra\u00edda a ponto de tornar-se independente e precipitada, com um olhar terno e cheio de aceita\u00e7\u00e3o, o Pastor usou o seu cajado segurando-a pelo pesco\u00e7o, arrastou-a para perto das demais, que se encontravam atr\u00e1s\u00a0 dEle. <\/em><\/p>\n<p><em>A segunda, o Pastor\u00a0\u00a0 a olhava com um olhar de cumplicidade e ela entendeu aquela rea\u00e7\u00e3o do Pastor para com a primeira ovelha, como se soubesse o que estava no cora\u00e7\u00e3o dEle. Era como se pudesse compartilhar as coisas interiores, no n\u00edvel de intimidade que s\u00f3 tem quem \u00e9 um e n\u00e3o dois (foi assim que os interpretei).<\/em><\/p>\n<p><em>A terceira, o Pastor voltou um pouco para apanh\u00e1-la (pelo menos foi o que eu esperei), por\u00e9m, n\u00e3o foi esta a sua rea\u00e7\u00e3o. Com um olhar compassivo e cheio de miseric\u00f3rdia, com um semblante de satisfa\u00e7\u00e3o e aceita\u00e7\u00e3o tanto quanto havia mostrado para com a primeira e a segunda, Ele a pegou pelas patas dianteiras apenas com a sua m\u00e3o direita e a arrastou para junto das outras. <\/em><\/p>\n<p><em>\u00a0<\/em><\/p>\n<p><em>Passei a meditar no que eu havia contemplado, e questionei: <\/em><\/p>\n<p><em>&#8211; Qual destas ovelhas ser\u00e1 eu?<\/em><\/p>\n<p><em>E entendi que eu era as tr\u00eas. Foi assim que discerni. Muitas vezes apressada, precipitada, coloco-me \u00e0 frente do meu Pastor achando que j\u00e1 sei o caminho por ter passado por ali outras vezes, mesmo que n\u00e3o intente sair de sob suas vistas, torno-me independente e acabo pecando conforme Pv. 19.2b. Ocupo um lugar que n\u00e3o \u00e9 meu. Diante do seu povo vai o Senhor para lhes guiar os passos. <\/em><\/p>\n<p><em>Algumas vezes consigo pela sua gra\u00e7a ocupar lugar atr\u00e1s dEle dando passos cronometrados que me fazem compartilhar de coisas maravilhosas para mim. Consigo ver seu cora\u00e7\u00e3o e aceitar suas atitudes compreendendo bem quem Ele \u00e9, e a necessidade de sua repreens\u00e3o e conselho conforme Jo\u00e3o 15.15 e 17.21.\u00a0 Jesus nos trata como amigos nos dando a conhecer tudo quanto ouviu do Pai e nos fazendo um com Ele. <\/em><\/p>\n<p><em>Mas n\u00e3o s\u00e3o poucas \u00e0s vezes que me sinto abatida, quase incapaz de acompanhar seu rebanho ainda que me esfor\u00e7ando, parece-me imposs\u00edvel acompanhar os passos do meu Pastor. A\u00ed Ele vem e n\u00e3o percorre um caminho que \u00e9 meu, mas pegando pela minha m\u00e3o me ajuda na minha fraqueza, na minha falta de \u00e2nimo e f\u00e9, esfor\u00e7ando-me conforme Isa\u00edas 41.10 e usando a destra como eu contemplei para me esfor\u00e7ar (eu vi como se fosse o Senhor me esticando, puxando-me para frente, quando n\u00e3o h\u00e1 para mim esperan\u00e7a no meu pr\u00f3prio esfor\u00e7o, entendimento ou f\u00e9). <\/em><\/p>\n<p><em>O que quero acrescentar \u00e9 que, como contemplei o Pastor, o Senhor n\u00e3o muda quando eu mudo. Seu amor \u00e9 imut\u00e1vel, seu car\u00e1ter \u00e9 imut\u00e1vel. Nele n\u00e3o h\u00e1 sombra de varia\u00e7\u00e3o conforme Tiago 1.17. Ele \u00e9 o mesmo quando trata comigo nas minhas debilidades, fraquezas ou quando me pare\u00e7o com Ele, a sua atitude e inten\u00e7\u00e3o s\u00e3o sempre a mesma, atitude de amor, compaix\u00e3o e alegria em eu ser ovelha do seu rebanho que ouve a sua voz e a quem Ele chama pelo nome.<\/em><\/p>\n<p><em>\u00a0<\/em><\/p>\n<p><em>Retiro da Igreja de Feira de Santana, 15.04.01.<\/em><\/p>\n<p><strong>\u00a0<\/strong><\/p>\n<div id=\"fb_share_1\" style=\"float: right; margin-left: 10px;\"><a name=\"fb_share\" type=\"box_count\" share_url=\"https:\/\/www.discipulosemfeira.com.br\/v1\/?page_id=75\" href=\"http:\/\/www.facebook.com\/sharer.php\">Share<\/a><\/div><div><script src=\"http:\/\/static.ak.fbcdn.net\/connect.php\/js\/FB.Share\" type=\"text\/javascript\"><\/script><\/div>","protected":false},"excerpt":{"rendered":"<p>Gracinha leu Jo\u00e3o 10. 1-16 e n\u00e3o conseguiu terminar, pois chorava. Eu prossegui. Ap\u00f3s o t\u00e9rmino Deus trouxe a minha imagina\u00e7\u00e3o um Pastor. Ele abria a porta de um aprisco (ou ser\u00e1 que Ele era a porta do aprisco),\u00a0 as ovelhas sa\u00edam para segu\u00ed-lo numa caminhada. De todas as ovelhas, por\u00e9m, eu olhava com maior &hellip; <\/p>\n<p><a class=\"more-link btn\" href=\"https:\/\/www.discipulosemfeira.com.br\/v1\/?page_id=75\">Continue lendo<\/a><\/p>\n","protected":false},"author":1,"featured_media":0,"parent":73,"menu_order":0,"comment_status":"closed","ping_status":"open","template":"","meta":{"footnotes":""},"_links":{"self":[{"href":"https:\/\/www.discipulosemfeira.com.br\/v1\/index.php?rest_route=\/wp\/v2\/pages\/75"}],"collection":[{"href":"https:\/\/www.discipulosemfeira.com.br\/v1\/index.php?rest_route=\/wp\/v2\/pages"}],"about":[{"href":"https:\/\/www.discipulosemfeira.com.br\/v1\/index.php?rest_route=\/wp\/v2\/types\/page"}],"author":[{"embeddable":true,"href":"https:\/\/www.discipulosemfeira.com.br\/v1\/index.php?rest_route=\/wp\/v2\/users\/1"}],"replies":[{"embeddable":true,"href":"https:\/\/www.discipulosemfeira.com.br\/v1\/index.php?rest_route=%2Fwp%2Fv2%2Fcomments&post=75"}],"version-history":[{"count":5,"href":"https:\/\/www.discipulosemfeira.com.br\/v1\/index.php?rest_route=\/wp\/v2\/pages\/75\/revisions"}],"predecessor-version":[{"id":96,"href":"https:\/\/www.discipulosemfeira.com.br\/v1\/index.php?rest_route=\/wp\/v2\/pages\/75\/revisions\/96"}],"up":[{"embeddable":true,"href":"https:\/\/www.discipulosemfeira.com.br\/v1\/index.php?rest_route=\/wp\/v2\/pages\/73"}],"wp:attachment":[{"href":"https:\/\/www.discipulosemfeira.com.br\/v1\/index.php?rest_route=%2Fwp%2Fv2%2Fmedia&parent=75"}],"curies":[{"name":"wp","href":"https:\/\/api.w.org\/{rel}","templated":true}]}}

Contemplação no retiro

<p align="center"><em><a href="https://www.discipulosemfeira.com.br/v1/wp-content/uploads/2012/03/sheep_group.jpg"><img loading="lazy" decoding="async" class="alignleft size-thumbnail wp-image-175" title="sheep_group" src="https://www.discipulosemfeira.com.br/v1/wp-content/uploads/2012/03/sheep_group-150x150.jpg" alt="" width="150" height="150" /></a>Gracinha leu João 10. 1-16 e não conseguiu terminar, pois chorava. Eu prossegui. Após o término Deus trouxe a minha imaginação um Pastor. Ele abria a porta de um aprisco (ou será que Ele era a porta do aprisco),  as ovelhas saíam para seguí-lo numa caminhada. De todas as ovelhas, porém, eu olhava com maior interesse e nitidez para três delas,  eis o que eu observei: A primeira ovelha quando saiu da porta passou a frente das demais e saiu correndo eufórica, saltitante, bem à frente do Pastor; A segunda colocou-se ao lado do Pastor, se bem que um pouco atrás e seguia os passos Dele como se seguisse em movimento cronometrado, passo a passo, tranqüilamente e satisfeita. A terceira estava bem atrás não só do Pastor como de todo o rebanho, mostrava-se lenta, cansada. Parecia sem condições para aquela caminhada.</em></p>
<p><em>Passei a observar o tratamento que o Pastor deu a cada uma delas e como estava seu semblante. O que Ele transmitia quando cuidava de cada uma.</em></p>
<p><em>A primeira, que era a saltitante  e aparentava distraída a ponto de tornar-se independente e precipitada, com um olhar terno e cheio de aceitação, o Pastor usou o seu cajado segurando-a pelo pescoço, arrastou-a para perto das demais, que se encontravam atrás  dEle. </em></p>
<p><em>A segunda, o Pastor   a olhava com um olhar de cumplicidade e ela entendeu aquela reação do Pastor para com a primeira ovelha, como se soubesse o que estava no coração dEle. Era como se pudesse compartilhar as coisas interiores, no nível de intimidade que só tem quem é um e não dois (foi assim que os interpretei).</em></p>
<p><em>A terceira, o Pastor voltou um pouco para apanhá-la (pelo menos foi o que eu esperei), porém, não foi esta a sua reação. Com um olhar compassivo e cheio de misericórdia, com um semblante de satisfação e aceitação tanto quanto havia mostrado para com a primeira e a segunda, Ele a pegou pelas patas dianteiras apenas com a sua mão direita e a arrastou para junto das outras. </em></p>
<p><em> </em></p>
<p><em>Passei a meditar no que eu havia contemplado, e questionei: </em></p>
<p><em>&#8211; Qual destas ovelhas será eu?</em></p>
<p><em>E entendi que eu era as três. Foi assim que discerni. Muitas vezes apressada, precipitada, coloco-me à frente do meu Pastor achando que já sei o caminho por ter passado por ali outras vezes, mesmo que não intente sair de sob suas vistas, torno-me independente e acabo pecando conforme Pv. 19.2b. Ocupo um lugar que não é meu. Diante do seu povo vai o Senhor para lhes guiar os passos. </em></p>
<p><em>Algumas vezes consigo pela sua graça ocupar lugar atrás dEle dando passos cronometrados que me fazem compartilhar de coisas maravilhosas para mim. Consigo ver seu coração e aceitar suas atitudes compreendendo bem quem Ele é, e a necessidade de sua repreensão e conselho conforme João 15.15 e 17.21.  Jesus nos trata como amigos nos dando a conhecer tudo quanto ouviu do Pai e nos fazendo um com Ele. </em></p>
<p><em>Mas não são poucas às vezes que me sinto abatida, quase incapaz de acompanhar seu rebanho ainda que me esforçando, parece-me impossível acompanhar os passos do meu Pastor. Aí Ele vem e não percorre um caminho que é meu, mas pegando pela minha mão me ajuda na minha fraqueza, na minha falta de ânimo e fé, esforçando-me conforme Isaías 41.10 e usando a destra como eu contemplei para me esforçar (eu vi como se fosse o Senhor me esticando, puxando-me para frente, quando não há para mim esperança no meu próprio esforço, entendimento ou fé). </em></p>
<p><em>O que quero acrescentar é que, como contemplei o Pastor, o Senhor não muda quando eu mudo. Seu amor é imutável, seu caráter é imutável. Nele não há sombra de variação conforme Tiago 1.17. Ele é o mesmo quando trata comigo nas minhas debilidades, fraquezas ou quando me pareço com Ele, a sua atitude e intenção são sempre a mesma, atitude de amor, compaixão e alegria em eu ser ovelha do seu rebanho que ouve a sua voz e a quem Ele chama pelo nome.</em></p>
<p><em> </em></p>
<p><em>Retiro da Igreja de Feira de Santana, 15.04.01.</em></p>
<p><strong> </strong></p>
<div id="fb_share_1" style="float: right; margin-left: 10px;"><a name="fb_share" type="box_count" share_url="https://www.discipulosemfeira.com.br/v1/?page_id=75" href="http://www.facebook.com/sharer.php">Share</a></div><div><script src="http://static.ak.fbcdn.net/connect.php/js/FB.Share" type="text/javascript"></script></div>

<p>Gracinha leu João 10. 1-16 e não conseguiu terminar, pois chorava. Eu prossegui. Após o término Deus trouxe a minha imaginação um Pastor. Ele abria a porta de um aprisco (ou será que Ele era a porta do aprisco),  as ovelhas saíam para seguí-lo numa caminhada. De todas as ovelhas, porém, eu olhava com maior &hellip; </p>
<p><a class="more-link btn" href="https://www.discipulosemfeira.com.br/v1/?page_id=75">Continue lendo</a></p>
